*5/15 - 7*j**4/24 + j**3 + 5*j**2. What is c(-7)?
6
Suppose 2*n + 4*n = -6. Let u(f) be the first derivative of f**4/4 + 2*f**3/3 + f**2 + f + 1. Calculate u(n).
0
Let k(q) = 11*q + 3. Let l be k(0). Let f(x) = -x**3 + 4*x**2 + x - 2. Determine f(l).
10
Suppose -t - 5 = -3. Let q(x) = 3*x**3 - 15*x**2 + 25*x - 3. Let f(d) = d**3 - 5*d**2 + 8*d - 1. Let u(i) = t*q(i) + 7*f(i). What is u(4)?
7
Let n(y) = -y + 1 + 2*y - 2*y. Calculate n(-4).
5
Let j(o) = o + 5. Let p be j(-4). Let m(k) = -1 + p - k**2. Suppose -x = 5*t - 19, 2*t = -2*x + 4*x + 10. Calculate m(x).
-1
Let n = 50 - 54. Let g(r) = -5*r**2 + 3*r - 5. Let c(f) = -f**2. Let h(q) = -6*c(q) + g(q). Give h(n).
-1
Let d be (-112)/(-64) + (6/8)/(-1). Let r(g) = 2*g**2 - 1. Determine r(d).
1
Let p(a) = -a**3 + 2*a**2 + 5*a - 2. Let w be p(3). Suppose w*c = 5*b + 36, 5*b + 7 = -c - 9. Let y(m) = m**3 + 3*m**2 - 3*m + 3. Calculate y(b).
-1
Let o be 2/6*(1 + 11). Let j(q) be the second derivative of -q**4/12 + 2*q**3/3 - 2*q**2 - 2*q. What is j(o)?
-4
Let w(p) be the third derivative of 0 + 1/2*p**3 + 1/120*p**6 - 1/24*p**4 + 0*p + 4*p**2 - 1/60*p**5. Give w(0).
3
Let i(g) = -4*g**3 + g**2 + 2*g + 1. Suppose 0 = -16*b + 2*b - 14. Give i(b).
4
Let r(p) be the second derivative of -p**5/60 - p**4/12 + 2*p**3/3 + p**2 + 2*p. Let m(k) be the first derivative of r(k). Let y = 6 - 10. Give m(y).
-4
Let f(r) = -r**2 - 6*r + 4. Let b(n) = n**3 - 5*n**2 - 2*n + 5. Let z be b(5). Calculate f(z).
9
Let r(o) = -o**2 - 1 - 4*o + 10 - 4. Let b(u) = u**3 + 7*u**2 + u + 2. Let s be b(-7). Determine r(s).
0
Let d(b) = 10*b + 1 - 2 - 22*b**2 - 10*b. Calculate d(-1).
-23
Let l(q) = -q**2 - q**3 - 2*q**2 + 7*q**2 + 2. Give l(4).
2
Let b(d) = -d**2 + 9*d - 4. Let i be b(8). Let x(a) = a**3 - 2*a**2 - 6*a + 2. What is x(i)?
10
Let u(n) = n. Let t be u(3). Let s(i) = 3 + 7*i + i**t + 2 - 9 - 7*i**2 - 2. Determine s(6).
0
Let h(g) = 21*g - 2*g**2 - 1 - 4*g - 9*g + g**2. What is h(8)?
-1
Let z be 16/(-6)*(-12)/(-8). Let v(s) = -4*s + 6. Let m(w) = w - 2. Let n be 2/(-3) - 21/9. Let p(c) = n*v(c) - 10*m(c). What is p(z)?
-6
Let n(l) be the first derivative of l**2/2 + 4*l + 1. Give n(0).
4
Let k(q) be the second derivative of -3*q**5/20 + q**4/12 + 2*q**3/3 + 3*q**2/2 + 9*q. Give k(-2).
23
Let x(d) be the third derivative of d**4/24 + d**3/3 + 6*d**2. Let q be (2 - 5)/((-3)/15). Suppose 3*l = 5*u + q, 6 = 5*l - 2*u - 0*u. What is x(l)?
2
Let w(t) = -t + 3*t + 94 - 98. Determine w(7).
10
Let t(x) = -x + 8. Let y(g) = g - 4. Let r = 8 + 1. Let b be y(r). What is t(b)?
3
Let w(v) be the second derivative of 2*v**5/5 + v**4/6 - v**2/2 + 18*v. Calculate w(1).
9
Suppose 0 = -5*z + 7 + 58. Let u = 8 - z. Let q(n) = -n + 0 + 0. Give q(u).
5
Let n(a) = -7*a. Suppose z + m = 3*z + 5, 2*m = z + 4. Determine n(z).
14
Let r(d) = d**2 - 7*d + 8. Let u(z) = z**3 - 14*z**2 + 13*z + 7. Let a be u(13). What is r(a)?
8
Suppose 2*v = 3*m + 5*v + 6, -3*m + 4*v = 27. Let u = 5 + -1. Let b(j) = 3*j**2 - u*j + 2 - j**2 - 3*j**2. Determine b(m).
-3
Suppose -m + 9 = 2*m + h, 0 = -h - 3. Suppose -m*x = -3*x - 3. Let z(n) = -n + 1. Let l(p) = -2. Let k(s) = -l(s) + 2*z(s). What is k(x)?
-2
Let h(d) = 2*d**2 + 0*d**2 + 4 + 2*d**2 + d + d**3. Let u = -3 - 1. Determine h(u).
0
Let a(c) = -c - 2. Suppose 3*q = 4*q - 5. Calculate a(q).
-7
Suppose 2 - 11 = -9*d. Let p(n) = 2*n. Calculate p(d).
2
Let p(m) = -m - 3. Let o be p(-8). Let x(i) = -i**2 + 2*i. Let u(w) = 2*w**2 - 3*w. Let l(q) = 2*u(q) + 5*x(q). Give l(o).
-5
Let w(b) = -b**3 - b**2 + b. Let x be w(-2). Let i be (12/(-8) + x)*0. Let p(d) = 0 - 5 + 0*d - d. Determine p(i).
-5
Let b(d) = 3*d. Suppose 2*g - 4*g + 22 = 4*p, 3*p - g - 4 = 0. Suppose 5 = -3*a - 10, p*a + 35 = x. Suppose -2*o + 2*n = 3*o - x, 0 = -o - 5*n - 23. Give b(o).
6
Let q(s) = -9*s**3 + 1. Let j = 99 + -98. Calculate q(j).
-8
Let r(l) be the second derivative of 5*l**3/6 - 18*l. Calculate r(1).
5
Let c(n) = -n**3 + 6*n**2 + 6*n + 7. Suppose 0 = -v - 4 + 11. What is c(v)?
0
Suppose 3*d = 2*d + 4*r + 21, 5*d + 4*r = 9. Let j be (-1)/(15/9 + -2). Let n(t) = 6 + j*t - 2*t - 4*t + t. Give n(d).
-4
Let x(u) be the third derivative of -1/6*u**3 + 0*u - 1/24*u**4 + 0 - 3*u**2. Determine x(4).
-5
Let x(a) be the third derivative of a**5/60 + a**4/4 - 9*a**2. Calculate x(-5).
-5
Let h(s) = -2*s - 11*s + 20*s + 8*s**2 - 9*s**2 - 5. Let g = 10 - 4. Give h(g).
1
Let n be (-4)/(-10) + 4/(100/15). Let b(l) = 19*l**2 - 2*l + 1. Calculate b(n).
18
Let d(u) = -u**2 + u + 2. Let w = 3 - 0. Let t be d(w). Let y(q) = q**3 + 5*q**2 + 3*q - 2. Calculate y(t).
2
Let t(k) = -k + 12 + 0*k + 2*k. Suppose -3*v - v - 24 = p, 2*v = 2*p - 12. Let s(u) = -u - 13. Let z(a) = v*s(a) - 7*t(a). Determine z(-4).
-2
Let k(o) = -o**2 - 10*o - 8. Let g = 154 + -161. Calculate k(g).
13
Let m(i) = 4*i**3 + i**2 - 3*i + 5. Let q(w) be the third derivative of -w**6/24 - w**5/60 + w**4/6 - w**3 + w**2. Let a(x) = 4*m(x) + 3*q(x). What is a(0)?
2
Let g be (-40)/(-12) + 4/(-3). Let n(b) be the first derivative of 0*b - 3 - 1/3*b**3 + b**g. Give n(1).
1
Let b(t) = -3*t + 1. Let y(j) = -2*j + 1. Let k(q) = 6*b(q) - 11*y(q). Let n = 12 + -8. Determine k(n).
11
Let k = 5 - 3. Let l(y) = y**2 + 0*y**3 - 3 + 5 - y + k*y**3. What is l(-2)?
-8
Let l be 3*(-1)/(-3) - -3. Suppose -10 = -m + 5*h, 3*h = 3*m + 5*h + l. Suppose m = 2*w + w. Let z(p) = p**2 - 4. Calculate z(w).
-4
Let c(m) = -m**3 + 4*m**2 + 4*m + 2. Let y(z) = 4*z**3 - 16*z**2 - 15*z - 8. Let p(q) = -9*c(q) - 2*y(q). What is p(5)?
-7
Let f(m) = -m**2 + 4*m - 2. Let z be f(3). Let o(t) = 2*t + 6*t**3 + z - 4*t + 0. Give o(1).
5
Suppose -b = 4*b. Suppose -5*j + b*p + 2*p - 5 = 0, 0 = 5*p + 25. Let n(g) = -2*g + 4. Give n(j).
10
Let c(t) = t**2 - 4*t. Let d be c(3). Let b(x) = -2*x**3 - 8*x**2 - 4*x - 7. Let s(q) = -q**3 - 7*q**2 - 3*q - 7. Let u(n) = d*s(n) + 2*b(n). Give u(5).
12
Let k(u) = u + 2. Let a be k(-1). Let m(l) = a + 3 - 1 - 3*l + 1. Determine m(4).
-8
Let u(b) be the first derivative of 1/3*b**3 - 5/2*b**2 + b - 4. Suppose -6*j + 3*t = -j - 22, -21 = -5*j + 4*t. What is u(j)?
1
Let o(g) = -5*g**3 - 33*g**2 - 19*g - 7. Let y(w) = 3*w**3 + 17*w**2 + 9*w + 3. Let l(x) = 4*o(x) + 7*y(x). Calculate l(14).
7
Let y(i) = -i**2 + 8*i - 9. Let p be y(6). Let t(q) be the first derivative of 3 - 1/2*q**2 + 2*q. Calculate t(p).
-1
Let f(b) = -b**2 + 3*b + 3. Let m(n) = -n**2 - 7*n - 3. Let u be m(-6). Determine f(u).
3
Let j(q) = 2*q + 6. Suppose 8 = i - 5*i + 4*f, -4*i = 3*f + 22. Give j(i).
-2
Let b = 44 + -42. Let q(v) = v. Calculate q(b).
2
Let d(v) = v**2 + 9*v + 8. Let u(g) be the first derivative of -g**2/2 - g - 1. Let k(z) = -d(z) - 4*u(z). Give k(-3).
2
Let z be 0/3 - (5 - 1). Let b = -9 - z. Let y be (-2)/1*b/(-2). Let d(h) = -h**2 - 6*h - 6. Give d(y).
-1
Let s be 2 + -5 + -2 + 0. Let r(a) be the second derivative of -a**3/6 - 5*a**2 - 5*a. Determine r(s).
-5
Let p(z) = 4*z**2 - z - 1. Let g(f) = -9*f**2 + 3*f + 3. Let t(b) = -3*g(b) - 7*p(b). Give t(-3).
-5
Let o(y) = -y**2 - 4*y + 5. Suppose 2*r = 8 + 4. Let x = r + -12. Determine o(x).
-7
Let f(h) = 8*h**2 - 2*h - 1. Let k be (18/72)/(1 + (-15)/12). Determine f(k).
9
Let w(v) = 3*v**2 + 3*v**2 - v**2 + 3 + v**3 + 5*v. Let t be -1*4*(-2)/(-4). Let k be -2 - 0 - (0 - t). What is w(k)?
-1
Let j(s) = -7*s**2 + 5*s - 6. Let l(z) = z**2 + z - 1. Let u(m) = -j(m) - 6*l(m). Determine u(9).
-6
Let k(z) be the first derivative of 3*z**2/2 + 2*z - 4. Let u(c) = 3*c + 2. Let s(b) = 3*k(b) - 2*u(b). Give s(-3).
-7
Let m(z) = -10*z - 18. Let a(g) = -7*g - 12. Let p(x) = 7*a(x) - 5*m(x). Calculate p(-5).
1
Let a(t) = t**2 - 2*t + 0*t - 3 + 2*t**2. Determine a(3).
18
Let m(p) be the second derivative of -p**5/20 - 5*p**4/12 - p**3/3 - 2*p**2 + 9*p. Calculate m(-5).
6
Let u(p) = -8*p**2 + 23*p - 1. Let g be u(3). Let d(h) = -5 + 6*h - h + 0*h. Let f(j) = -4*j + 4. Let s(v) = g*d(v) - 6*f(v). Calculate s(4).
12
Let l(q) = -q**3 + 6*q**2 - 4*q - 4. Let u = 0 - 2. Let p = u + 4. Suppose -6 = -p*v, -5*v + 14 + 11 = 2*r. Give l(r).
1
Let d be 1/(-3*2/(-12)). Let b(v) = 6*v**2 + 0*v - 6 - d*v - 3 + 10. Determine b(1).
5
Let k(f) = 11*f - 4. Let l(c) = c - 1. Let y(t) = -k(t) + 3*l(t). Let b(j) = 7*j - 1. Let m(q) = 7*b(q) + 6*y(q). Calculate m(3).
2
Let n(t) = 3*t**2 + 44*t 